
List the prime factors of 3431771.
7, 139, 3527
List the prime factors of 190698.
2, 3, 37, 859
What are the prime factors of 959455?
5, 7, 79, 347
List the prime factors of 3588615.
3, 5, 17, 4691
List the prime factors of 158637.
3, 52879
List the prime factors of 478314.
2, 3, 26573
What are the prime factors of 18752115?
3, 5, 1250141
List the prime factors of 1236924.
2, 3, 13, 881
What are the prime factors of 621751?
13, 283
What are the prime factors of 13833125?
5, 22133
What are the prime factors of 5489013?
3, 1829671
List the prime factors of 684887.
7, 97841
What are the prime factors of 635334?
2, 3, 7, 2161
List the prime factors of 573709.
211, 2719
List the prime factors of 3519634.
2, 619, 2843
List the prime factors of 264746.
2, 19, 6967
List the prime factors of 11765892.
2, 3, 980491
List the prime factors of 1662838.
2, 17, 48907
What are the prime factors of 733783?
59, 12437
What are the prime factors of 1085926?
2, 17, 19, 41
What are the prime factors of 2996221?
827, 3623
List the prime factors of 91797.
3, 37, 827
What are the prime factors of 218077?
218077
List the prime factors of 22335093.
3, 11, 17, 23, 577
What are the prime factors of 4996093?
229, 21817
What are the prime factors of 502634?
2, 11, 31, 67
List the prime factors of 97599.
3, 32533
What are the prime factors of 896647?
896647
List the prime factors of 557133.
3, 185711
List the prime factors of 763256.
2, 13, 41, 179
List the prime factors of 137428.
2, 17, 43, 47
What are the prime factors of 1933194?
2, 3, 43, 59, 127
List the prime factors of 441895.
5, 88379
List the prime factors of 8301802.
2, 4150901
What are the prime factors of 78243?
3, 11, 2371
What are the prime factors of 5795136?
2, 3, 10061
List the prime factors of 422042.
2, 17, 12413
What are the prime factors of 662679?
3, 29, 2539
What are the prime factors of 588030?
2, 3, 5, 17, 1153
List the prime factors of 11103604.
2, 107, 25943
List the prime factors of 14468446.
2, 953, 7591
List the prime factors of 144331.
11, 13121
What are the prime factors of 570657?
3, 223, 853
List the prime factors of 336050.
2, 5, 11, 13, 47
What are the prime factors of 6712749?
3, 439, 1699
List the prime factors of 5278130.
2, 5, 11, 13, 3691
What are the prime factors of 19046176?
2, 71, 83, 101
List the prime factors of 119766.
2, 3, 19961
What are the prime factors of 15109858?
2, 7554929
List the prime factors of 21838172.
2, 2083, 2621
What are the prime factors of 243708?
2, 3, 23, 883
List the prime factors of 18587.
18587
What are the prime factors of 1066186?
2, 11, 48463
List the prime factors of 1994804.
2, 7, 191, 373
List the prime factors of 1524557.
739, 2063
What are the prime factors of 13195710?
2, 3, 5, 11, 1481
List the prime factors of 963589.
11, 251, 349
List the prime factors of 8898335.
5, 73, 24379
What are the prime factors of 23311?
23311
List the prime factors of 173271.
3, 7, 37, 223
What are the prime factors of 3165753?
3, 1055251
List the prime factors of 290057.
290057
What are the prime factors of 4266258?
2, 3, 419, 1697
What are the prime factors of 321143?
321143
What are the prime factors of 43578625?
5, 348629
List the prime factors of 279254.
2, 139627
List the prime factors of 1136481.
3, 29, 13063
List the prime factors of 21097533.
3, 2039, 3449
What are the prime factors of 4471479?
3, 19, 79, 331
What are the prime factors of 5822938?
2, 11, 61, 4339
What are the prime factors of 17959700?
2, 5, 11, 29, 563
What are the prime factors of 204023?
204023
List the prime factors of 284326.
2, 7, 23, 883
List the prime factors of 979859.
41, 23899
List the prime factors of 222909.
3, 67, 1109
What are the prime factors of 6140565?
3, 5, 61, 2237
What are the prime factors of 1186426?
2, 593213
List the prime factors of 561310.
2, 5, 56131
List the prime factors of 14221916.
2, 41, 86719
List the prime factors of 89084.
2, 22271
List the prime factors of 1097632.
2, 34301
What are the prime factors of 1871799?
3, 623933
List the prime factors of 512788.
2, 17, 7541
List the prime factors of 5429319.
3, 7, 258539
List the prime factors of 4075787.
31, 131477
List the prime factors of 12465116.
2, 389, 8011
What are the prime factors of 2020792?
2, 37, 6827
What are the prime factors of 151988?
2, 37997
What are the prime factors of 164810?
2, 5, 16481
What are the prime factors of 4977?
3, 7, 79
List the prime factors of 886909.
886909
What are the prime factors of 541679?
59, 9181
What are the prime factors of 893339?
893339
List the prime factors of 8903288.
2, 1112911
List the prime factors of 1086770.
2, 5, 108677
What are the prime factors of 1911444?
2, 3, 159287
What are the prime factors of 109418?
2, 54709
What are the prime factors of 1342211?
13, 23, 67
What are the prime factors of 1893258?
2, 3, 107, 983
What are the prime factors of 21670448?
2, 337, 4019
List the prime factors of 346330.
2, 5, 59, 587
List the prime factors of 149720.
2, 5, 19, 197
What are the prime factors of 673173?
3, 74797
What are the prime factors of 340182?
2, 3, 18899
What are the prime factors of 2791534?
2, 257, 5431
List the prime factors of 76265.
5, 7, 2179
List the prime factors of 11373741.
3, 569, 2221
List the prime factors of 31888435.
5, 2237, 2851
List the prime factors of 26032.
2, 1627
What are the prime factors of 718098?
2, 3, 29, 4127
List the prime factors of 298947.
3, 11, 9059
What are the prime factors of 33586170?
2, 3, 5, 109, 10271
List the prime factors of 1053121.
509, 2069
List the prime factors of 12073243.
7, 13, 181, 733
List the prime factors of 12519398.
2, 2309, 2711
List the prime factors of 119418.
2, 3, 13, 1531
List the prime factors of 7540060.
2, 5, 11, 34273
List the prime factors of 995348.
2, 23, 31, 349
What are the prime factors of 3400392?
2, 3, 19, 7457
What are the prime factors of 846538?
2, 7, 11, 23, 239
What are the prime factors of 4841654?
2, 2420827
What are the prime factors of 15459066?
2, 3, 7, 40897
List the prime factors of 78806.
2, 7, 13, 433
What are the prime factors of 9586477?
9586477
What are the prime factors of 311980?
2, 5, 19, 821
List the prime factors of 933667.
7, 83, 1607
What are the prime factors of 13373556?
2, 3, 7, 159209
List the prime factors of 33038.
2, 16519
List the prime factors of 271838.
2, 7, 19417
List the prime factors of 1017288.
2, 3, 71, 199
List the prime factors of 332354.
2, 11, 15107
What are the prime factors of 175895?
5, 127, 277
What are the prime factors of 1474343?
13, 19, 47, 127
List the prime factors of 8797876.
2, 263, 8363
List the prime factors of 1747320.
2, 3, 5, 14561
List the prime factors of 1334682.
2, 3, 74149
List the prime factors of 1793687.
7, 17, 15073
What are the prime factors of 9977468?
2, 2494367
List the prime factors of 179247.
3, 149, 401
List the prime factors of 2182050.
2, 3, 5, 13, 373
List the prime factors of 505795.
5, 101159
List the prime factors of 3532078.
2, 11, 31, 5179
List the prime factors of 7127301.
3, 17, 29, 61, 79
List the prime factors of 493273.
11, 44843
List the prime factors of 2840054.
2, 7, 17, 11933
What are the prime factors of 52193?
19, 41, 67
What are the prime factors of 11637520?
2, 5, 17, 43, 199
List the prime factors of 3904331.
641, 6091
List the prime factors of 1247781.
3, 31, 13417
What are the prime factors of 759243?
3, 253081
List the prime factors of 15342594.
2, 3, 2557099
List the prime factors of 2081263.
601, 3463
What are the prime factors of 443359?
7, 63337
What are the prime factors of 6172543?
13, 474811
What are the prime factors of 1363490?
2, 5, 59, 2311
List the prime factors of 26015099.
11, 2365009
What are the prime factors of 2748663?
3, 305407
What are the prime factors of 232396?
2, 58099
List the prime factors of 138074.
2, 17, 31, 131
List the prime factors of 349071.
3, 23, 5059
List the prime factors of 11053919.
71, 155689
What are the prime factors of 575103?
3, 53, 3617
What are the prime factors of 3799613?
151, 25163
List the prime factors of 8562642.
2, 3, 11, 129737
What are the prime factors of 30589404?
2, 3, 389, 6553
List the prime factors of 1144007.
1144007
What are the prime factors of 190025?
5, 11, 691
What are the prime factors of 3352342?
2,